 Let o(z) = -5*z**2 + 10*z - 19. Let d(b) = 7*j(b) + 4*o(b). Determine d(w).
0
Let p(m) = 15*m. Let j(f) = 43*f + 19. Let g(t) = j(t) - 3*p(t). Calculate g(-9).
37
Let d = -192 - -196. Let z(j) = 2*j - 3. Let a(b) = b - 1. Let l(o) = 7*a(o) - 3*z(o). Determine l(d).
6
Let g(f) = -f**3 - f**2 - f. Let a(m) = 5*m**3 - m**2 + 8*m + 4. Let p(z) = -a(z) - 6*g(z). Give p(-7).
10
Let c(x) = 7*x**3 + 17*x**2 - 10*x + 1. Let d(o) = -4*o**3 - 8*o**2 + 6*o - 1. Let g(f) = -3*c(f) - 5*d(f). Determine g(-11).
2
Let b(i) be the first derivative of -2*i**2 + 2*i - 5. Let p = 137 + -135. Give b(p).
-6
Let o(d) be the second derivative of -d**5/10 + 17*d**4/12 - d**3 - 6*d**2 - 269*d. Calculate o(8).
4
Let k(w) be the third derivative of -w**5/60 - w**4/2 + 2*w**3 - 144*w**2. Calculate k(-11).
23
Let n(k) = 3*k**2 - 5*k + 3. Suppose 4*g - 3 = 5*x, -2*x + 4*g = -0*x - 6. Let b(v) = -4*v**2 + 6*v - 4. Let u(t) = x*n(t) - 2*b(t). Give u(4).
-5
Let o(x) = -3*x**3 - 4*x**2 + 10*x. Let r(w) = w**3 + w**2 - 3*w. Let k(q) = -4*o(q) - 11*r(q). Calculate k(-6).
6
Let o(p) = p**3 + 3*p**2 - 6*p - 4. Let g be o(-4). Let d(h) = -12*h + h + h + 9*h + 2 - g*h**2. Give d(2).
-16
Let g = -16 + 19. Let f(l) = -3*l - g*l + 3*l + 2*l + 7. Give f(8).
-1
Suppose 3*c - c = -12. Let n be 138/8*1 + 18/(-72). Let j(w) = -w + n + 3 - 27. Calculate j(c).
-1
Let z(o) be the second derivative of -o**3/2 + 7*o**2 - 587*o. What is z(5)?
-1
Let r(j) be the first derivative of -j**4/2 + j**3/3 + j**2/2 - 4*j + 154. Give r(2).
-14
Let f(p) = p**3 + 9*p**2 + 11*p + 11. Suppose 8*k = 117 + 523. Suppose 2*z - k = 12*z. Determine f(z).
-13
Let f(h) be the third derivative of 11*h**4/12 - h**3/3 + 179*h**2. What is f(2)?
42
Let a(l) = l**3 + 6*l**2 - 5*l + 8. Let k be ((-42)/9)/(4/6). Determine a(k).
-6
Let t(a) = 2 + 6 - a - 11 + 11. Determine t(10).
-2
Let g(d) = d**3 - 4*d**2 + 3. Let c be -2*(-4)/(-8) - -5. What is g(c)?
3
Let n(l) be the first derivative of l**3/3 + 5*l**2 + 17*l + 238. Calculate n(-7).
-4
Let r be 2/(-10)*0*1. Let k(v) = -32 + 2*v + r*v + 29 + v**3 - 6*v**2. Determine k(5).
-18
Let b(h) be the third derivative of -3*h**4/8 - 7*h**3/6 - 69*h**2. What is b(-6)?
47
Suppose m + 20 = 3*y, m + 28 = y + 3*y. Let a(u) = -u**3 + 9*u**2 - 5*u + 9. Give a(y).
33
Let w be ((-16)/32)/(3/6). Let c(j) = -j**3 - 4*j**2 - 4*j - 1. Let n be c(-3). Let d(k) = 2 - 2*k**2 - n*k - 2 - 1. What is d(w)?
-1
Let t be ((-27)/12)/((-9)/24). Let m(z) = z**3 - 7*z**2 + 6*z - 2. Determine m(t).
-2
Let c(k) be the first derivative of k**4/4 - 17*k**3/3 + 17*k**2/2 - 19*k - 167. Give c(16).
-3
Let k(x) be the third derivative of x**4/24 + x**3/2 + x**2. Let g be (-35)/(-2)*92/230. What is k(g)?
10
Let v be 1 + (21/(-3) - -2). Let r(q) = q**3 + 5*q**2 + 8*q + 8. Determine r(v).
-8
Let x(v) be the first derivative of -v**5/60 + 5*v**4/24 + 6*v**3 + 1. Let q(r) be the third derivative of x(r). Let g = 1 - -5. Calculate q(g).
-7
Let i(c) be the second derivative of c**4/3 - 2*c**3/3 + c**2 - 88*c. What is i(2)?
10
Let n(r) = -r - 3. Suppose 0*q + q - 2*w = 10, 0 = -2*w - 6. Suppose l + 2*c - 2 = 4*c, -q = 5*l + 4*c. Determine n(l).
-3
Let z(h) = h**2 + 3*h + 1. Let q be 4/3 - (-4179)/(-63). Let t be 4/(-5) + 208/q. What is z(t)?
5
Let w(y) = 8*y + 0 + 6 - 22*y + 14*y + 2*y. Let p = 6 + -10. Give w(p).
-2
Let x(f) = 34*f**2 + 16*f + 21. Let i(d) = -45*d**2 - 16*d - 20. Let v(r) = 3*i(r) + 4*x(r). Give v(-14).
-4
Let m(i) = -i**2 + 5*i - 1. Let w = 30 + -28. Suppose 0 = -w*r + 24 - 14. Let k be m(r). Let j(l) = -8*l**2 + 1. Determine j(k).
-7
Let h(x) = -1 + x**2 + 0*x**2 + x + 0*x**2. Let k be (-3)/(-4) - 246/(-24). Suppose -v - 4*g + k = -2*v, 4*g - 17 = -5*v. Give h(v).
1
Let l(v) = -4*v + 4. Let r(h) = -9*h + 12. Let w(a) = 25*a - 37. Let p(x) = -7*r(x) - 2*w(x). Let y be p(1). Calculate l(y).
-8
Let r(o) = o**3 - 9*o**2 + 7*o - 2. Let b(w) = 2*w - 12. Let m be b(10). Calculate r(m).
-10
Suppose 66 = 36*l - 10 + 4. Let v(j) be the second derivative of j**4/3 - j**2/2 + j. What is v(l)?
15
Suppose u + 30 = 6*u. Let m(w) be the third derivative of 0*w + 0 + 1/24*w**4 - 7*w**2 - 7/3*w**3. Determine m(u).
-8
Suppose 3*s - 2*s = 20. Suppose 4*j - s = -0*j. Let o(m) = -m**3 + 6*m**2 - 4*m - 6. What is o(j)?
-1
Suppose 27 - 165 = -23*g. Let b(u) = -u**2 + 8*u - 7. Determine b(g).
5
Let d(a) = 2*a - 1. Let l be ((-3)/(-1))/((-3)/(-6)). Suppose 0 = 5*g - 4*w + l, -4*g + 2*w + 3*w = 3. Let n be (2/g - 0) + 2. Give d(n).
1
Let z be 11/(5 + -49) + 2/8. Let l(a) = -a - 3*a**2 + a**3 + 3 + 0*a + 2*a**2. Calculate l(z).
3
Let z(c) = c**2 - 9*c + 7. Let h = -136 - -142. Give z(h).
-11
Let o(t) = t**2 + 7*t - 2. Let z be -3 + (-30)/(-6) - -1*1. Suppose -2*u = 5*c + 39, 0*c = -2*u + z*c + 1. Determine o(u).
-2
Let y(q) = -q**2 + 4*q - 3. Let x be y(3). Suppose -2*c = 3*s + 9 + 10, s - 2*c + 1 = x. Let g(k) = 2 - 8 + k**2 + 4*k - 2*k. What is g(s)?
9
Suppose 9*o = 10*o - 108. Let d = -103 + o. Let l(r) = -r + 5. Determine l(d).
0
Suppose -4*n = -y - 14, -3*y + 6 = 5*n - 3. Suppose 10 = 2*w + n*w - 5*o, -3*w + 4*o + 5 = 0. Let t(j) = -75*j + 75*j - 1 - j**w. What is t(-1)?
0
Let r(a) = 6*a - 3. Let i(t) = 7*t - 4. Let u(c) = -2*i(c) + 3*r(c). Let l = -7 + 10. What is u(l)?
11
Let r(y) be the second derivative of -2*y**3/3 - 49*y - 2. Give r(-2).
8
Let w = 210 + -206. Let m(z) = -4*z + 4. Calculate m(w).
-12
Let h(c) be the third derivative of c**6/120 + c**5/20 - c**4/6 + c**3/3 - 32*c**2 - c. Give h(-4).
2
Let n(m) = m**3 + 3*m + 3. Let t(r) = 2*r**2 - 1 + 2*r**2 - 3 + 5. Let d(w) = 9*w**2 + 3. Let l(b) = -3*d(b) + 7*t(b). Let c be l(0). Calculate n(c).
-11
Suppose 3*d = -0*d - 12. Let c(p) be the second derivative of -p**5/20 - 5*p**4/12 - p**3/2 - 3*p**2/2 - 14*p. Determine c(d).
-7
Let z be 1*(-1 + -3) + -22. Let l = -36 - -64. Let i = l + z. Let r(d) = d - 2. Give r(i).
0
Let q(c) = -11*c + 6. Let j(z) = -z + 1. Suppose -21 = -5*x - 16. Let i be 14/(-3) - 2/6. Let p(h) = i*j(h) + x*q(h). Calculate p(1).
-5
Let k(h) be the third derivative of -h**5/120 + h**4/24 + 7*h**3/6 - 9*h**2. Let z(f) be the first derivative of k(f). Suppose 0 = 6*s - s + 15. What is z(s)?
4
Suppose 5*u + 13 + 2 = 0. Let f(c) = -3 + 42643*c - 42644*c + 4. Calculate f(u).
4
Suppose -92 - 10 = -17*i. Let b(w) = -w + 14. Give b(i).
8
Let u = 90 + -92. Let v(k) = 4*k**2 + 2*k + 1. Let q(h) = 4*h**2 + 2*h + 1. Let l(g) = 4*q(g) - 5*v(g). Give l(u).
-13
Suppose 2*p = -1 - 7. Let k be 534/(-27) - p/(-18). Let d = -20 - k. Let l(g) = g**3 + g**2 - 5. Give l(d).
-5
Suppose -76*n + 77*n = -3. Let a(o) = o**3 + 5*o**2 + 3*o. Determine a(n).
9
Suppose 3 - 13 = -5*c. Let w(s) be the first derivative of -s**6/120 + s**4/8 - s**3/2 - 7*s**2/2 + 13. Let d(o) be the second derivative of w(o). What is d(c)?
-5
Suppose -5*w + 14 = -1. Let a(b) be the third derivative of -b**7/5040 - b**5/20 - 4*b**2. Let h(c) be the third derivative of a(c). What is h(w)?
-3
Let m(d) = -247 + 122 - d**3 - 11*d + 8*d**2 + 140. Determine m(7).
-13
Suppose -2*s = -4*k - 68, -k + 3*k - 5*s + 26 = 0. Let h(q) = q**3 + 20*q**2 + 36*q + 5. What is h(k)?
5
Let g(l) be the second derivative of l**5/20 + 4*l**4/3 - 4*l**2 + 3*l - 4. Determine g(-16).
-8
Let u(p) = -p**3 + 8*p**2 - p + 10. Let j(n) = 10*n**2 + 12*n - 14. Let d be j(1). Calculate u(d).
2
Let i = 1 + -1. Let d(h) = 0*h + h + i*h. Let a be ((-20)/(-12))/((-35)/(-42)). What is d(a)?
2
Let j = 102 - 97. Let o be (-30)/(-4) - (-2 + j/2). Let a(b) = -b**2 + 8*b - 7. Give a(o).
0
Let s = -283 + 274. Let r(b) = b**2 + 9*b + 3. Calculate r(s).
3
Let q(i) = -i - 4. Let m(a) = 2. Suppose -o - 4*y = -1, 2*o - 3*y = -y - 8. Let d(f) = o*q(f) - 7*m(f). Let z(c) = c + 5. Let j be z(-7). Calculate d(j).
-8
Let w be (0 + 2 - -26) + -4. Let n = 18 - w. Let u(m) = -m**2 - 7*m - 1. Let b be u(n). Let x(r) = -r + 4. What is x(b)?
-1
Let u(a) = -6*a**2 + 2*a + 2. Suppose -9*v - 1 = -8*v. Give u(v).
-6
Let h(n) = 3*n - 61. Let q(o) = -o + 21. Let z(i) = -4*h(i) - 11*q(i). Determine z(-4).
17
Let k be (-14)/(-1)*(-270)/315. Let x(n) = 3*n + 40. Calculate x(k).
4
Let y(w) be the third derivative of w**8/20160 - w**7/720 + 7*w**6/720 + w**5/10 + 2*w**2. Let j(f) be the third derivative of y(f). What is j(5)?
-3
Let g = -213 - -217. Let u(t) = t**2 - 2*t 